6*o + 3*o, 0 = -3*d + 5*o - 7. Suppose 34 = d*f - 5*f. Let c = 21099 + -20999. Calculate the remainder when c is divided by f.
32
Suppose 3 = 2*z + 5*r - 26, 3*z = 5*r - 19. What is the remainder when 275 is divided by z?
1
Suppose 0 = -2*s + 5*o - 854, 15*s - 20*s + 4*o = 2101. Let u(l) = -l**2 + 9*l. What is the remainder when 20/35*(-2 + s/(-2)) is divided by u(4)?
18
Suppose 0 = 2*a - 0*a - 376. What is the remainder when a is divided by (0 - (-2964)/99) + -3 - 10/(-165)?
26
Suppose -5*g + 17 - 25 = z, -3*g = -3*z - 24. Let v(f) = -97*f + 102. What is the remainder when v(z) is divided by 22?
20
Suppose 0 = 5*j + 4*n - 8584, -5*j - 66*n + 8536 = -70*n. Calculate the remainder when j is divided by 39.
35
Let d(j) = j**2 - 12*j - 13. Suppose 3*y = 68 - 29. Let g be d(y). Calculate the remainder when 38 is divided by 2/2 - 9/(-1 - g).
8
Suppose -7*b + 2*b - 5 = t, 0 = 3*b + 9. Suppose -4*w + 354 = -3*h, -4*h + 32 = -2*w + 204. Calculate the remainder when w is divided by 3/(-2) - (0 - 325/t).
28
Let p = 38381 + -34538. What is the remainder when p is divided by 25?
18
Let g be (-7)/6 + 29554/(-84). Let t = -318 - g. What is the remainder when 628 is divided by t?
33
Suppose 6*y + 2493 = 9*y + 3*q, 3*y + q - 2485 = 0. Calculate the remainder when 2495 is divided by y.
14
Let f be (-393)/(-17) - (-52)/(-442). Let l(d) = -5*d + 7. Let t be l(-9). Let r = t - f. Calculate the remainder when r is divided by 15.
14
Let u = -207 - -261. What is the remainder when ((-2889)/u)/(1/(-6)) is divided by 27?
24
Let d(l) = 272*l - 252. What is the remainder when 276 is divided by d(1)?
16
Let h = 68 - 55. What is the remainder when (-6)/(-1*(-3)/(-18)) is divided by h/2*((6 - 3) + -1)?
10
Let p be (-5 + 3)*18/12. What is the remainder when 28 is divided by p*(-4 + (-16)/(-12))?
4
Let j(o) = 154*o - 6148. What is the remainder when j(47) is divided by 4?
2
Let f be (-114)/(-15) - (-4)/10. Suppose 3*m = 103 + f. Let s(p) = 17*p**2 + 300*p. What is the remainder when s(-18) is divided by m?
34
Let p = -3992 - -4575. Calculate the remainder when p is divided by 73.
72
Calculate the remainder when 21663 is divided by ((-38)/(-209))/(28/5390).
33
Let v(r) be the first derivative of -45/2*r**2 + 6 - r**3 - 9*r. Calculate the remainder when v(-14) is divided by 9.
6
Let k = 4 - -4. Let n(d) = d**3 + 4*d**2 - 9*d - 29. Let g be n(-4). Suppose g*j = k*j - 28. Calculate the remainder when j is divided by 5.
3
Suppose -4*v - 5*k = -197, 0 = -2*v + 3*k + k + 92. Let c be (-1)/((-3 + 2)/2). Suppose 0 = -c*a + 10. Calculate the remainder when v is divided by a.
3
Suppose 5*c = 35 - 25. Let v be (-1)/(c/(-4)) - -9. Let z(s) = -s**2 + 13*s - 6. What is the remainder when 44 is divided by z(v)?
12
Let i be (-1)/((-3)/(-10)) + (-6)/(-18). Let o be 4 + i + 86/(-4)*-4. Let f = 100 - o. What is the remainder when 115 is divided by f?
11
Let g(x) = 30*x + 235. Calculate the remainder when 1598 is divided by g(-7).
23
Suppose 7*n - 4*n - 516 = 0. Suppose -h + n = 3*h. What is the remainder when 81 is divided by h?
38
Let v = 56 + -56. Suppose v*k - 2*k = -6. Suppose -5*p - 2*m + 25 = -4, -k*p + 13 = -m. What is the remainder when 23 is divided by p?
3
Let n(t) = -62*t - 184. What is the remainder when (12/10)/((-1)/(-105)) is divided by n(-4)?
62
Suppose -151*u + 88 = -149*u. Let l(q) be the first derivative of 3*q**2/2 - 11*q - 8. Calculate the remainder when u is divided by l(9).
12
Suppose -84*k - 168*k - 3470 = -78062. Calculate the remainder when 1186 is divided by k.
2
Let y = 232 - 672. Let k = y - -450. What is the remainder when 324 is divided by k?
4
Let m(h) = -22*h + 1283. What is the remainder when m(4) is divided by 120?
115
Suppose -168*s = -161*s - 483. Suppose 12 = -r + 31. Calculate the remainder when s is divided by r.
12
Suppose 95*v - 281962 + 169254 - 198037 = 0. What is the remainder when v is divided by 4?
3
What is the remainder when -4 - (1548/(-10) - 30/25) is divided by 15?
2
What is the remainder when 2897 is divided by (7/((-245)/10))/((-102)/8925)?
22
What is the remainder when (-57 + 60)/(12/2192*1*4) is divided by 9?
2
Suppose -6*i + 12 = -0*i. Suppose i = -3*c - 43. Let o = 36 + c. What is the remainder when o is divided by 8?
5
Let c = 5433 + -5247. Calculate the remainder when c is divided by 39.
30
Let b(a) = 8*a**2 + 4*a + 2. Let u be (-3)/5 + 63/(-45). Calculate the remainder when b(u) is divided by 20.
6
What is the remainder when -2*((-14)/5)/(4/65) is divided by 66?
25
Suppose 5*f + 4*z - 2001 = -0*z, 790 = 2*f - z. Suppose 3*x - 315 = -0*x + 5*d, 4*x + d - f = 0. What is the remainder when x is divided by 29?
13
Suppose -2*m + 162 = m. Suppose 4*n - n = -5*h + 576, -574 = -5*h - 2*n. Suppose -h = z - 7*z. What is the remainder when m is divided by z?
16
Suppose 76*h = 2*s + 73*h - 927, 5*s + h = 2360. What is the remainder when s is divided by 120?
111
Suppose 924 = 145*b - 139*b. Calculate the remainder when 331 is divided by b.
23
Suppose -h + y - 3 = -0*h, -5*h = 4*y - 21. Let x(a) = -a**3 - 10*a**2 - 2*a - 13. Calculate the remainder when x(-10) is divided by h.
0
Let k(g) = 15*g**2 - 403*g + 1415. Suppose 0 = -4*m - m + 90. Suppose 2*a + 0*u = -2*u + 2, 3*a - 2*u = m. Calculate the remainder when k(4) is divided by a.
3
Suppose 14 = o + 5*v, 3*v - 21 = -o + 5*v. What is the remainder when 1095 is divided by o?
12
Suppose -12*d = -21*d - 386 + 1313. What is the remainder when 376 is divided by d?
67
Let c = -9737 + 9808. What is the remainder when 2271 is divided by c?
70
Let u be (-1 - -1)/((-2)/2 - -2). Suppose -5*l - 2*h + 208 - 49 = u, -h + 30 = l. Let t = 80 + 15. Calculate the remainder when t is divided by l.
29
Suppose 0 = 2*h + 4*p - 2303 - 295, -5*p = 2*h - 2598. What is the remainder when h is divided by 13?
12
Suppose 4*b + 0*b = 92. Let q = 1100 + -640. Suppose 2*n = 3*y - 195 - 139, -4*y = n - q. What is the remainder when y is divided by b?
22
Calculate the remainder when 182*(11/(-66))/((3 - 2)/(-9)) is divided by 31.
25
Let g(d) = 9*d**2 - 2*d - 1. Suppose -2*t - 164 = -6*t - 4*y, 128 = 3*t - 2*y. Let k = t + -46. Calculate the remainder when g(k) is divided by 51.
49
Let t be ((-16)/(-4))/(1 - 85/86). Calculate the remainder when (t - 14)*4/10 is divided by 46.
40
Calculate the remainder when 460 is divided by ((-50)/(-30))/(5/(-18)) + (-4 - -96).
30
Let q(t) = 2*t**2 - 98*t + 104. What is the remainder when 207 is divided by q(48)?
7
Let o(d) = d**2 - 7*d + 14. Let t be o(13). Let v = -75 + t. Calculate the remainder when 133 is divided by v.
14
Suppose -2*p + 4*a - 157 - 127 = 0, 429 = -3*p + 3*a. Let c = p + 59. Let g = -49 - c. What is the remainder when g is divided by 8?
4
Let z(f) = -f**3 + 12*f**2 + 31*f - 15. Suppose 40 + 30 = 5*i. Calculate the remainder when 132 is divided by z(i).
24
Suppose -4*k = -4*j - 1812 + 372, 5*k - 1795 = 4*j. Suppose -3*m + k = -5*f, 4*m - 2*m = 5*f + 245. Calculate the remainder when m is divided by 8.
6
Let h be (0 + 2)/(-2 + (-115)/(-60)). Calculate the remainder when (-3)/24 + (-1467)/h is divided by 17.
10
Let u be 991/8 - 12/(-96). Suppose 0*x - 4*x + 4*b + u = 0, 4*x - 5*b - 126 = 0. Calculate the remainder when 56 is divided by x.
27
Let t be (3/(-4)*3)/(2/80). Let v = 91 + t. Let q(g) = 52*g**2 - 6*g + 5. Calculate the remainder when 203 is divided by q(v).
50
Suppose 52*a = 55*a - 12. What is the remainder when 214/6 + (-1)/(-3) is divided by 832/84 + (a - (-246)/(-63))?
6
Suppose -4*z - 5*t = -150, -453*z + 450*z - t + 107 = 0. Calculate the remainder when 1673 is divided by z.
28
Let n(o) = -o**3 - 7*o**2 - 7*o - 5. Let b be n(-7). Let k = b + -34. Let w = -13 + 72. Calculate the remainder when w is divided by k.
9
Let o = -32 - -40. Suppose -1 - o = -p. Let z = 16 - p. What is the remainder when 30 is divided by z?
2
Let q(w) = -65*w - 107. Let a(u) = -119*u - 213. Let f(c) = -6*a(c) + 11*q(c). Calculate the remainder when f(7) is divided by 29.
7
Suppose -b + 3*k + 0 = -6, 0 = -4*b + k + 68. Let q(r) = 6*r**2 + 255*r + 1474. Calculate the remainder when q(-36) is divided by b.
16
Let t be -1 + 0 + (-6 - -4) - -3. Suppose t = -16*h + 4*h + 1488. What is the remainder when h is divided by 33?
25
Let h = -29338 + 29390. Calculate the remainder when 1401 is divided